t is the units digit of ((-104)/24)/((-1)/w)?
5
Let u(p) = p**2 - 21*p + 30. Let s be u(19). What is the tens digit of (-2132)/s + (-4)/8?
6
Let r(a) = a - 1. Let x(w) = -w**2 - 4*w + 2. Let f(b) = -2*r(b) + x(b). Suppose -4*c = -2*z + 4, 3*z + 30 = c - 4*c. What is the units digit of f(z)?
4
Let t be 10/16*12*(-810)/(-3). Suppose -3*x = -3*u - t, 2692 = 4*x + 5*u - 7*u. What is the units digit of x?
1
Let q = -1530 - -522. Let f = -684 - q. Suppose -f = -9*v - 0*v. What is the units digit of v?
6
Let t(f) = 3046*f**2 + 21*f - 12. What is the units digit of t(2)?
4
Suppose 48944 = -32*l + 36*l + 2*k, -5*l - k = -61183. What is the thousands digit of l?
2
Suppose 0 = -2*f + 3*n + 52611, -2*n = -21*f + 17*f + 105242. What is the thousands digit of f?
6
Let i(k) = 1133*k**2 + 17*k + 14. What is the thousands digit of i(-1)?
1
Suppose -4*a - 188 + 4076 = 0. Suppose -2*k + a = -4*t, 2*t = 5*k - 2*t - 2424. What is the units digit of k?
4
Let q(t) = -2*t - 28. Let c be q(0). Let b be 4/1*42/c. Let r(u) = -17*u - 13. What is the tens digit of r(b)?
8
Let u(p) = p**3 - 3*p**2 - 12*p**2 + 19 - 3*p**3 + 6*p + 5*p**2. What is the units digit of u(-8)?
5
Let g = 23612 + -5519. What is the tens digit of g?
9
Suppose 0 = 2*h - 2*p + 488 - 7268, -5*p - 10176 = -3*h. What is the hundreds digit of h?
3
Let i(h) = -1264*h - 1642. What is the tens digit of i(-6)?
4
Let h be (10768/64)/(2/16). Suppose 3*l + l - i = 2704, 2*l = -i + h. What is the tens digit of l?
7
Suppose -52*b + 36*b + 146224 = 0. What is the thousands digit of b?
9
Let y be (-37604)/(-10) - (13 + 567/(-45)). Suppose -y = 2*v - 5*v + 2*o, 6275 = 5*v + 5*o. What is the units digit of v?
4
Suppose -3*s - 2*n = 3 - 15, 8 = 2*s + 5*n. Suppose -4*k + 4*v = -0*k + 16, -26 = 3*k + s*v. What is the hundreds digit of 2/3 - 668/k?
1
Let c be (-6594)/315 + 3/(-45). What is the units digit of 29 + c + 0 + 1451?
9
Let z = -21225 - -32406. What is the ten thousands digit of z?
1
Suppose 3*j + 2986 = 5*x, 2*x - 2*j = 3*x - 605. Let d = x - -993. What is the tens digit of d?
9
Suppose 583977 = 189*u + 213089 - 609077. What is the tens digit of u?
8
Let l be (((-44)/(-6))/2)/((-8)/(-288)). Let f = l + 184. Suppose -160 = -c - 5*k + 2*k, 2*k = -2*c + f. What is the units digit of c?
7
Let b(m) = 5*m + 2*m - 6*m + 2. Let j be b(3). Suppose j*p = 69 + 551. What is the units digit of p?
4
Suppose -3*y + w + 0*w = -1764, 2*y = -2*w + 1184. Let n = 1621 - y. What is the thousands digit of n?
1
Let k be (5 - 6) + 2 + 15. Suppose 0 = -12*c + k*c - 8. Suppose 4*f = 5*o - 413, c*o + 2*f - 150 - 8 = 0. What is the units digit of o?
1
Suppose -88730 - 255350 = -22*a. Suppose 100*h + a = 117*h. What is the tens digit of h?
2
Let d = -61 + 63. Let n be (d/(-1))/(-3 - 363/(-123)). Let g = n - -46. What is the tens digit of g?
8
Let c(u) = -u**2 + 8*u - 5. Let y be c(7). What is the hundreds digit of (y - 3)/((-3292)/1644 - -2)?
4
Let f be (-2 - (-14)/10) + (-3)/(-5). Let w(n) = -n**2 + 5*n + 253. Let j be w(f). Let q = j + -152. What is the units digit of q?
1
Suppose 84*m - 2*f = 86*m - 76540, 0 = -m + f + 38264. What is the tens digit of m?
6
Suppose 21*p - 2667 - 1197 = 0. What is the hundreds digit of (-40)/(-18) + 22/(-99) + p?
1
Let u(o) = 15*o**2 + 3*o - 42. Let y(w) = -7*w**2 - w + 20. Let v(q) = -3*u(q) - 7*y(q). What is the units digit of v(-5)?
6
Let s(b) = -b**2 + 1827*b - 15 - 55*b**3 - 1832*b + 48*b**3 - 129*b**3. What is the units digit of s(-2)?
9
Let q = -9 - -29. Suppose -3*d + q = -0*d + 4*i, 4*i = 2*d. Suppose -3*o + 369 + d = -x, -4*x = 2*o - 258. What is the tens digit of o?
2
Suppose 8*h + h = -1269. Let r be ((-1533)/(-6) + -3)*(-4)/(-5). Let s = h + r. What is the tens digit of s?
6
Suppose 6*i = 4*b + i - 12844, 0 = 3*i + 12. Suppose h + b = 15*h. What is the tens digit of h?
2
Let y(i) = 2*i**2 + 19*i - 30. Let n be y(-16). Suppose 179*p - 4 = n*p. What is the units digit of p?
4
Let k(o) = o**2 - 3*o - 2. Let m be k(4). Suppose 7 - m = v. Suppose -4*c = -2*w - 378, v*c + 2*w - 478 = -w. What is the tens digit of c?
9
Let w(r) = r**2 - 7*r + 13. Let u(x) = x**3 - 8*x**2 + 5*x - 38. Let c be u(8). Let s be w(c). Suppose 0 = -s*j + 11 + 250. What is the units digit of j?
7
Suppose 12 = -4*o - 4*m, -9 = 6*m - 3*m. Suppose o = -3*i + 2524 + 3107. What is the units digit of i?
7
Let w be 3/(-9)*0/(-1). Let q be -4*1*(w + 1). What is the hundreds digit of ((-4)/q + -81)/(4/(-10))?
2
Suppose 7 = -s - j, -s - s - 17 = 5*j. What is the units digit of -22*66/s + -4?
8
Let q = -23469 - -64959. What is the hundreds digit of q?
4
Suppose 0 = -y + 4*y - 15. Suppose -2*l + y - 33 = -2*x, -3*l = 3*x - 42. Suppose -20*h + 690 = -x*h. What is the tens digit of h?
1
Let r(j) = -j + 7*j - 4*j + 2*j - 1. Let f be r(1). Suppose l = -f*b, -4*l + 3*b + 16 = -b. What is the units digit of l?
3
Let l = 541 - 533. Suppose -11*j + l*j + 976 = f, 0 = -2*j. What is the tens digit of f?
7
Suppose -39*w = -36*w + 4*n - 21061, -5*n + 35110 = 5*w. What is the thousands digit of w?
7
Let l(g) be the second derivative of -g**4/12 + 6*g**3 - 55*g**2 + g - 18. What is the units digit of l(24)?
8
Let l(x) = 63*x - 109. Let m be (1/(-2)*2)/((-2)/32). What is the tens digit of l(m)?
9
Suppose 0 = 17*c + 4416 - 2087. Let a be 3/(-1) - (284 + -1). Let x = c - a. What is the hundreds digit of x?
1
Let p be 6/10 + 24/10. Suppose 4*o - 4*d + d = 27, -5*o + p*d + 30 = 0. What is the tens digit of (12/8)/(o/24)?
1
Suppose 0*a + 4*a - 1 = -c, 4*a = 2*c - 2. Let p be -5*(a - (-64)/(-20)). Suppose -2*x + 18 = -4*t, -11*x - 5*t + p = -8*x. What is the units digit of x?
7
Let x = -5958 + 52596. What is the hundreds digit of x?
6
Let y = -12922 - -19148. What is the tens digit of y?
2
Suppose 5*k = -3*a + 760, 4*k - 600 = 12*a - 16*a. Let o = k + 174. What is the units digit of o?
9
What is the ten thousands digit of (-2180)/(-80) + -27 + (-46423)/(-4)?
1
Suppose 5*q = -3*q - 4888. Let k = q + 736. What is the tens digit of k?
2
Let g = 18 + 18. Let n(r) = -141*r + 2099. Let q be n(15). Let w = g + q. What is the tens digit of w?
2
Suppose 4*t + 10 - 18 = 0. Let r(n) = -3*n**3 - 19*n - t + 14*n - 5*n**2 + 9. What is the units digit of r(-3)?
8
Let h be 2/(33356/118265 + (-4)/14). Let g = h - -1318. What is the hundreds digit of g?
7
Suppose 101*y - 411265 - 19399 = 0. What is the units digit of y?
4
Suppose 165*x + 774456 = 189*x. What is the ten thousands digit of x?
3
Suppose 7*a = 12*a - 5*f - 4070, 3263 = 4*a + 3*f. What is the units digit of a?
5
What is the thousands digit of (1*4685)/(-15 + 10 + 6)?
4
Let c be 5 - -5*4/(-10). Suppose -5*h = -4*o - 9, -2*o - 2*h = c*o + 3. What is the tens digit of -27 + 51 + (o + 1)/1?
2
Let l = 61739 - 38584. What is the tens digit of l?
5
Suppose 6*f = 3*f - 2*y + 13940, -4*f - 5*y = -18568. What is the hundreds digit of f?
6
Suppose 0 = -74*x + 11*x - 12348. Let r = 623 - x. What is the hundreds digit of r?
8
Let i(h) = -2*h**2 - 35*h - 47. Let a(n) = n**2 + 18*n + 23. Let t(x) = 5*a(x) + 3*i(x). Let j be t(-14). What is the units digit of (-124)/j*(-6)/(-1)?
2
Let d = -45 + 49. Suppose d*l + 13 = -j + 56, -5*l + 2*j + 44 = 0. Suppose 17*z - 644 = l*z. What is the tens digit of z?
9
Let d(y) = 36*y**3 - 23*y**2 - 18*y + 54. What is the thousands digit of d(9)?
4
Let v(g) be the second derivative of -g**5/20 - 5*g**4/6 + 5*g**3/6 + 12*g**2 - 8*g. Let b be v(-10). Let l = 42 + b. What is the tens digit of l?
1
Let m(f) = -2*f**2 - 11*f + 1. Let k be m(-6). Let c be 0/2 + (-4 - k)*82. Suppose 0 = 3*g + 2*b - c, 2*g - 23 = 5*b - 0*b. What is the units digit of g?
4
Suppose -4394 - 466 = -9*f. Let z = 913 - 595. Let v = f - z. What is the units digit of v?
2
Suppose 34*t = 30*t - 120. Let z = t - -24. What is the tens digit of (-3)/(7/(686/z))?
4
Suppose -4*g + 10887 = -521. Suppose 3*w - 2*t + g = 6*w, 5*w - 4744 = -t. What is the units digit of w?
8
Suppose -2*w = -0*w. Let t be (9 - w)*171/27. Let z = t - 17. What is the units digit of z?
0
What is the units digit of 2/13 + 1474950/195 + 13?
7
Let c be 6*9/126 + (-64)/(-14). What is the tens digit of -2 + c - (-134)/2?
7
Suppose -562537 - 412549 = -34*y. What is the hundreds digit of y?
6
Suppose -2*n - 22 = -4*n. Suppose 3*z - 7 = n. Suppose -z*b + 162 = 